{"id":182,"date":"2025-12-16T15:18:43","date_gmt":"2025-12-16T15:18:43","guid":{"rendered":"https:\/\/signatureancestrale.com\/?page_id=182"},"modified":"2025-12-29T18:27:13","modified_gmt":"2025-12-29T18:27:13","slug":"a-propos-de-moi","status":"publish","type":"page","link":"https:\/\/signatureancestrale.com\/index.php\/a-propos-de-moi\/","title":{"rendered":"\u00c0 propos de moi"},"content":{"rendered":"<div class=\"wp-block-image\">\n<figure class=\"aligncenter size-large is-resized\"><img loading=\"lazy\" decoding=\"async\" width=\"1024\" height=\"682\" src=\"http:\/\/signatureancestrale.com\/wp-content\/uploads\/2025\/12\/mountains-3778244_1280-1024x682.jpg\" alt=\"Une montagne qui transperce les nuages de son sommet qui contemple en dessous les collines verdoyantes.\" class=\"wp-image-211\" style=\"aspect-ratio:1.5014453125;width:601px;height:auto\" srcset=\"https:\/\/signatureancestrale.com\/wp-content\/uploads\/2025\/12\/mountains-3778244_1280-1024x682.jpg 1024w, https:\/\/signatureancestrale.com\/wp-content\/uploads\/2025\/12\/mountains-3778244_1280-300x200.jpg 300w, https:\/\/signatureancestrale.com\/wp-content\/uploads\/2025\/12\/mountains-3778244_1280-768x512.jpg 768w, https:\/\/signatureancestrale.com\/wp-content\/uploads\/2025\/12\/mountains-3778244_1280-370x247.jpg 370w, https:\/\/signatureancestrale.com\/wp-content\/uploads\/2025\/12\/mountains-3778244_1280-776x517.jpg 776w, https:\/\/signatureancestrale.com\/wp-content\/uploads\/2025\/12\/mountains-3778244_1280-600x400.jpg 600w, https:\/\/signatureancestrale.com\/wp-content\/uploads\/2025\/12\/mountains-3778244_1280.jpg 1280w\" sizes=\"auto, (max-width: 1024px) 100vw, 1024px\" \/><\/figure>\n<\/div>\n\n\n<p><br><\/p>\n\n\n\n<p><strong>Clairsentiente depuis toujours<\/strong> avec une capacit\u00e9 naturelle \u00e0 ressentir les \u00e9nergies subtiles et les \u00e9tats \u00e9motionnels profonds. Cette sensibilit\u00e9 m\u2019a guid\u00e9e tr\u00e8s t\u00f4t vers les pratiques \u00e9nerg\u00e9tiques et le soin holistique.<\/p>\n\n\n\n<p>Depuis toujours, je ressens une profonde sensibilit\u00e9 aux \u00e9nergies, aux \u00e9motions et \u00e0 la beaut\u00e9 subtile qui se trouve en chaque \u00eatre. Le Reiki est apparu naturellement sur ma route comme une \u00e9vidence : une m\u00e9thode douce, respectueuse, et profond\u00e9ment transformatrice.<br>Il m\u2019a appris que chacun poss\u00e8de en lui une force de gu\u00e9rison, un flux lumineux capable d\u2019apaiser, d\u2019\u00e9quilibrer et de r\u00e9-ouvrir des portes longtemps rest\u00e9es ferm\u00e9es.<\/p>\n\n\n\n<p>Aujourd\u2019hui, j\u2019accompagne chaque personne avec bienveillance et authenticit\u00e9, dans un espace o\u00f9 l\u2019on peut enfin d\u00e9poser ses tensions, son stress et ses fardeaux, pour revenir au c\u0153ur de soi.<\/p>\n\n\n\n<p><strong>Praticienne <\/strong><strong>Reiki <\/strong><strong>certifi\u00e9e<\/strong><strong> <\/strong><strong>depuis 200<\/strong><strong>3, <\/strong>ann\u00e9e o\u00f9 j\u2019ai obtenu mes derni\u00e8res certifications<strong> <\/strong><strong>\u00e0 Londres<\/strong>. Depuis, je n\u2019ai cess\u00e9 d\u2019approfondir cette pratique avec s\u00e9rieux, compassion et engagement, en l\u2019int\u00e9grant \u00e0 un chemin personnel de conscience et de transformation int\u00e9rieure.<\/p>\n\n\n\n<p>Afin d\u2019enrichir mon approche, j\u2019ai \u00e9galement particip\u00e9 \u00e0 divers <strong>s\u00e9minaires&nbsp;sur l\u2019\u00e9nergie universelle et la pleine conscience, <\/strong>ces enseignements ont renforc\u00e9 ma compr\u00e9hension du lien entre l\u2019\u00e9nergie, les croyances et le processus naturel d\u2019auto-gu\u00e9rison.<\/p>\n\n\n\n<p>Passionn\u00e9e par l\u2019\u00e9volution de la conscience et du potentiel humain, je propose des <strong>soins Reiki \u00e0 distance<\/strong>, dans un esprit de bienveillance, de respect et de confidentialit\u00e9. Chaque s\u00e9ance est une invitation \u00e0 se reconnecter \u00e0 soi, \u00e0 lib\u00e9rer les blocages \u00e9nerg\u00e9tiques et \u00e0 retrouver un \u00e9quilibre int\u00e9rieur, o\u00f9 que vous soyez.<\/p>\n","protected":false},"excerpt":{"rendered":"<p>Clairsentiente depuis toujours avec une capacit\u00e9 naturelle \u00e0 ressentir les \u00e9nergies subtiles et les \u00e9tats \u00e9motionnels profonds. Cette sensibilit\u00e9 m\u2019a guid\u00e9e tr\u00e8s t\u00f4t vers les pratiques \u00e9nerg\u00e9tiques et le soin &hellip; <\/p>\n","protected":false},"author":2,"featured_media":0,"parent":0,"menu_order":0,"comment_status":"closed","ping_status":"closed","template":"","meta":{"footnotes":""},"class_list":["post-182","page","type-page","status-publish","hentry"],"aioseo_notices":[],"jetpack_sharing_enabled":true,"_links":{"self":[{"href":"https:\/\/signatureancestrale.com\/index.php\/wp-json\/wp\/v2\/pages\/182","targetHints":{"allow":["GET"]}}],"collection":[{"href":"https:\/\/signatureancestrale.com\/index.php\/wp-json\/wp\/v2\/pages"}],"about":[{"href":"https:\/\/signatureancestrale.com\/index.php\/wp-json\/wp\/v2\/types\/page"}],"author":[{"embeddable":true,"href":"https:\/\/signatureancestrale.com\/index.php\/wp-json\/wp\/v2\/users\/2"}],"replies":[{"embeddable":true,"href":"https:\/\/signatureancestrale.com\/index.php\/wp-json\/wp\/v2\/comments?post=182"}],"version-history":[{"count":7,"href":"https:\/\/signatureancestrale.com\/index.php\/wp-json\/wp\/v2\/pages\/182\/revisions"}],"predecessor-version":[{"id":241,"href":"https:\/\/signatureancestrale.com\/index.php\/wp-json\/wp\/v2\/pages\/182\/revisions\/241"}],"wp:attachment":[{"href":"https:\/\/signatureancestrale.com\/index.php\/wp-json\/wp\/v2\/media?parent=182"}],"curies":[{"name":"wp","href":"https:\/\/api.w.org\/{rel}","templated":true}]}}